{"id":16823,"date":"2023-06-03T23:41:29","date_gmt":"2023-06-04T02:41:29","guid":{"rendered":"https:\/\/isfd801-chu.infd.edu.ar\/sitio\/?page_id=16823"},"modified":"2023-06-03T23:52:25","modified_gmt":"2023-06-04T02:52:25","slug":"centro-de-estudiantes-noticias","status":"publish","type":"page","link":"https:\/\/isfd801-chu.infd.edu.ar\/sitio\/centro-de-estudiantes-noticias\/","title":{"rendered":"Centro de Estudiantes Noticias"},"content":{"rendered":"\n<div class=\"wp-block-columns is-layout-flex wp-container-3\">\n<div class=\"wp-block-column is-layout-flow\">\n<figure class=\"wp-block-image size-full is-style-default\"><img decoding=\"async\" loading=\"lazy\" width=\"1032\" height=\"581\" src=\"https:\/\/isfd801-chu.infd.edu.ar\/sitio\/wp-content\/uploads\/2023\/06\/CDE.jpg\" alt=\"\" class=\"wp-image-16797\" srcset=\"https:\/\/isfd801-chu.infd.edu.ar\/sitio\/wp-content\/uploads\/2023\/06\/CDE.jpg 1032w, https:\/\/isfd801-chu.infd.edu.ar\/sitio\/wp-content\/uploads\/2023\/06\/CDE-1000x563.jpg 1000w, https:\/\/isfd801-chu.infd.edu.ar\/sitio\/wp-content\/uploads\/2023\/06\/CDE-768x432.jpg 768w\" sizes=\"(max-width: 1032px) 100vw, 1032px\" \/><\/figure>\n<\/div>\n\n\n\n<div class=\"wp-block-column is-layout-flow\">\n<figure class=\"wp-block-image size-full is-style-default\"><img decoding=\"async\" loading=\"lazy\" width=\"1600\" height=\"1200\" src=\"https:\/\/isfd801-chu.infd.edu.ar\/sitio\/wp-content\/uploads\/2023\/06\/CDE1.jpg\" alt=\"\" class=\"wp-image-16801\" srcset=\"https:\/\/isfd801-chu.infd.edu.ar\/sitio\/wp-content\/uploads\/2023\/06\/CDE1.jpg 1600w, https:\/\/isfd801-chu.infd.edu.ar\/sitio\/wp-content\/uploads\/2023\/06\/CDE1-1000x750.jpg 1000w, https:\/\/isfd801-chu.infd.edu.ar\/sitio\/wp-content\/uploads\/2023\/06\/CDE1-768x576.jpg 768w, https:\/\/isfd801-chu.infd.edu.ar\/sitio\/wp-content\/uploads\/2023\/06\/CDE1-1536x1152.jpg 1536w\" sizes=\"(max-width: 1600px) 100vw, 1600px\" \/><\/figure>\n<\/div>\n<\/div>\n\n\n\n<p><strong>El d\u00eda jueves 1 de junio el Centro de Estudiantes ISFD 801 \u201cUni\u00f3n y Lucha Estudiantil\u201d fueron invitados a una jornada de trabajo con estudiantes del IES N\u00b0816 de la ciudad de Rawson en dos sedes. La actividad se realiz\u00f3 en el marco de Pol\u00edticas Estudiantiles a cargo de las Prof. Paola Molina&nbsp;&nbsp; y Prof. Luc\u00eda S\u00e1nchez Camacho<\/strong><\/p>\n\n\n\n<p><strong>El objetivo de la misma fue compartir la experiencia de la construcci\u00f3n del Centro de Estudiantes desde la escritura del estatuto, la campa\u00f1a electoral, elecciones, acciones actuales que llevan a cabo, roles asignados, entre otros.<\/strong><\/p>\n\n\n\n<p><strong>La jornada permiti\u00f3 un intercambio que ambas instituciones lograron nutrirse y compartir experiencias en com\u00fan.<\/strong><\/p>\n","protected":false},"excerpt":{"rendered":"<p>El d\u00eda jueves 1 de junio el Centro de Estudiantes ISFD 801 \u201cUni\u00f3n y Lucha Estudiantil\u201d fueron invitados a una jornada de trabajo con estudiantes del IES N\u00b0816 de la ciudad de Rawson en dos sedes. La actividad se realiz\u00f3 en el marco de Pol\u00edticas Estudiantiles a cargo de las Prof. Paola Molina&nbsp;&nbsp; y Prof. &#8230; <a title=\"Centro de Estudiantes Noticias\" class=\"read-more\" href=\"https:\/\/isfd801-chu.infd.edu.ar\/sitio\/centro-de-estudiantes-noticias\/\" aria-label=\"More on Centro de Estudiantes Noticias\">[+]<\/a><\/p>\n","protected":false},"author":1495,"featured_media":0,"parent":0,"menu_order":0,"comment_status":"closed","ping_status":"closed","template":"","meta":[],"acf":[],"_links":{"self":[{"href":"https:\/\/isfd801-chu.infd.edu.ar\/sitio\/wp-json\/wp\/v2\/pages\/16823"}],"collection":[{"href":"https:\/\/isfd801-chu.infd.edu.ar\/sitio\/wp-json\/wp\/v2\/pages"}],"about":[{"href":"https:\/\/isfd801-chu.infd.edu.ar\/sitio\/wp-json\/wp\/v2\/types\/page"}],"author":[{"embeddable":true,"href":"https:\/\/isfd801-chu.infd.edu.ar\/sitio\/wp-json\/wp\/v2\/users\/1495"}],"replies":[{"embeddable":true,"href":"https:\/\/isfd801-chu.infd.edu.ar\/sitio\/wp-json\/wp\/v2\/comments?post=16823"}],"version-history":[{"count":2,"href":"https:\/\/isfd801-chu.infd.edu.ar\/sitio\/wp-json\/wp\/v2\/pages\/16823\/revisions"}],"predecessor-version":[{"id":16828,"href":"https:\/\/isfd801-chu.infd.edu.ar\/sitio\/wp-json\/wp\/v2\/pages\/16823\/revisions\/16828"}],"wp:attachment":[{"href":"https:\/\/isfd801-chu.infd.edu.ar\/sitio\/wp-json\/wp\/v2\/media?parent=16823"}],"curies":[{"name":"wp","href":"https:\/\/api.w.org\/{rel}","templated":true}]}}