{"id":16680,"date":"2023-05-31T22:14:02","date_gmt":"2023-06-01T01:14:02","guid":{"rendered":"https:\/\/isfd801-chu.infd.edu.ar\/sitio\/?page_id=16680"},"modified":"2023-06-02T00:10:24","modified_gmt":"2023-06-02T03:10:24","slug":"biblioteca-servicios","status":"publish","type":"page","link":"https:\/\/isfd801-chu.infd.edu.ar\/sitio\/biblioteca-servicios\/","title":{"rendered":"Biblioteca &#8211; Servicios"},"content":{"rendered":"\n<div class=\"wp-block-buttons is-content-justification-center is-layout-flex wp-container-1\">\n<div class=\"wp-block-button has-custom-font-size is-style-outline has-small-font-size\"><a class=\"wp-block-button__link has-base-3-color has-midnight-gradient-background has-text-color has-background wp-element-button\" href=\"https:\/\/isfd801-chu.infd.edu.ar\/sitio\/biblioteca-2\/\" style=\"border-radius:16px\">Contactos<\/a><\/div>\n\n\n\n<div class=\"wp-block-button has-custom-font-size is-style-outline has-small-font-size\"><a class=\"wp-block-button__link has-base-3-color has-very-light-gray-to-cyan-bluish-gray-gradient-background has-text-color has-background wp-element-button\" style=\"border-radius:16px\">Servicios<\/a><\/div>\n\n\n\n<div class=\"wp-block-button has-custom-font-size is-style-outline has-small-font-size\"><a class=\"wp-block-button__link has-base-3-color has-midnight-gradient-background has-text-color has-background wp-element-button\" href=\"https:\/\/isfd801-chu.infd.edu.ar\/sitio\/biblioteca-usuarios\/\" style=\"border-radius:16px\">Usuarios<\/a><\/div>\n\n\n\n\n\n<div class=\"wp-block-button has-custom-font-size is-style-outline has-small-font-size\"><a class=\"wp-block-button__link has-base-3-color has-midnight-gradient-background has-text-color has-background wp-element-button\" href=\"https:\/\/isfd801-chu.infd.edu.ar\/sitio\/biblioteca-novedades\/\" style=\"border-radius:16px\">Novedades<\/a><\/div>\n\n\n\n<div class=\"wp-block-button has-custom-font-size is-style-outline has-small-font-size\"><a class=\"wp-block-button__link has-base-3-color has-midnight-gradient-background has-text-color has-background wp-element-button\" href=\"https:\/\/isfd801-chu.infd.edu.ar\/sitio\/\" style=\"border-radius:16px\">Inicio<\/a><\/div>\n<\/div>\n\n\n\n<p class=\"has-accent-color has-text-color has-large-font-size\"><strong>Servicios<\/strong><\/p>\n\n\n\n<ul>\n<li><strong>Referencia <\/strong>presencial o a trav\u00e9s del aula virtual o correo electr\u00f3nico<\/li>\n\n\n\n<li><strong>Sala de lectura y acceso a la colecci\u00f3n<\/strong>: se dispone de espacio para sala de lectura y trabajos de investigaci\u00f3n individuales o en grupales. En horario de biblioteca<\/li>\n\n\n\n<li><strong>Pr\u00e9stamos<\/strong>: sala, a domicilio, interbibliotecarios<\/li>\n\n\n\n<li><strong>Alfabetizaci\u00f3n Informacional<\/strong><\/li>\n\n\n\n<li><strong>Formaci\u00f3n de usuarios:<\/strong> orientaci\u00f3n al usuario a fin de lograr una utilizaci\u00f3n m\u00e1s eficaz de los recursos y servicios que la biblioteca ofrece.<\/li>\n\n\n\n<li><strong>Diseminaci\u00f3n selectiva de informaci\u00f3n<\/strong>: &nbsp;b\u00fasqueda e identificaci\u00f3n de fuentes de informaci\u00f3n f\u00edsicas y digitales que contribuyan a ampliar la bibliograf\u00eda<\/li>\n\n\n\n<li><strong>Computadoras:<\/strong> 2 notebooks para uso en sala. Sin acceso a internet. Para uso de herramientas inform\u00e1ticas: Word, Power Point, Lectura de PDF, etc. (Es necesario que las reserven con anticipaci\u00f3n por mensajer\u00eda interna)<\/li>\n<\/ul>\n","protected":false},"excerpt":{"rendered":"<p>Servicios<\/p>\n","protected":false},"author":3997,"featured_media":0,"parent":0,"menu_order":0,"comment_status":"closed","ping_status":"closed","template":"","meta":[],"acf":[],"_links":{"self":[{"href":"https:\/\/isfd801-chu.infd.edu.ar\/sitio\/wp-json\/wp\/v2\/pages\/16680"}],"collection":[{"href":"https:\/\/isfd801-chu.infd.edu.ar\/sitio\/wp-json\/wp\/v2\/pages"}],"about":[{"href":"https:\/\/isfd801-chu.infd.edu.ar\/sitio\/wp-json\/wp\/v2\/types\/page"}],"author":[{"embeddable":true,"href":"https:\/\/isfd801-chu.infd.edu.ar\/sitio\/wp-json\/wp\/v2\/users\/3997"}],"replies":[{"embeddable":true,"href":"https:\/\/isfd801-chu.infd.edu.ar\/sitio\/wp-json\/wp\/v2\/comments?post=16680"}],"version-history":[{"count":6,"href":"https:\/\/isfd801-chu.infd.edu.ar\/sitio\/wp-json\/wp\/v2\/pages\/16680\/revisions"}],"predecessor-version":[{"id":16782,"href":"https:\/\/isfd801-chu.infd.edu.ar\/sitio\/wp-json\/wp\/v2\/pages\/16680\/revisions\/16782"}],"wp:attachment":[{"href":"https:\/\/isfd801-chu.infd.edu.ar\/sitio\/wp-json\/wp\/v2\/media?parent=16680"}],"curies":[{"name":"wp","href":"https:\/\/api.w.org\/{rel}","templated":true}]}}